{"id":68,"date":"2020-12-12T13:48:41","date_gmt":"2020-12-12T13:48:41","guid":{"rendered":"https:\/\/www.coreth.at\/about-us\/"},"modified":"2025-04-24T10:04:31","modified_gmt":"2025-04-24T08:04:31","slug":"ueber-uns","status":"publish","type":"page","link":"https:\/\/www.coreth.at\/de\/company\/ueber-uns\/","title":{"rendered":"\u00dcber Uns"},"content":{"rendered":"\n<h2 class=\"wp-block-heading\">UNTERNEHMENSPHILOSOPHIE<\/h2>\n\n\n\n<p><br><strong>Hohe Serviceorientierung<\/strong>,&nbsp;<strong>laufende Innovationen<\/strong> und <strong>kompetente Mitarbeiter<\/strong> bilden die Eckpfeiler unserer Philosophie.<\/p>\n\n\n\n<p>Die konsequente Ausrichtung der Produkte auf die Markterfordernisse und die laufende Umsetzung unserer Qualit\u00e4tsstandards geh\u00f6ren zur t\u00e4glichen Herausforderung, der wir uns gerne stellen. F\u00fcr die fachgerechte Beratung und Betreuung unserer Kunden steht ein eigenes Verkaufsinnendienst Team zur Verf\u00fcgung.<\/p>\n\n\n\n<h2 class=\"wp-block-heading\">UNTERNEHMENSGESCHICHTE<\/h2>\n\n\n\n<p>Das Unternehmen wurde&nbsp;<strong>1980 von Georg Coreth<\/strong>&nbsp;am Standort Tribuswinkel bei Baden\/Nieder\u00f6sterreich gegr\u00fcndet. Baufolien, Schl\u00e4uche und S\u00e4cke bildeten die damaligen Hauptprodukte.<\/p>\n\n\n\n<p>In den n\u00e4chsten zehn Jahren investierte man kontinuierlich in den Maschinenpark und erh\u00f6hte damit die Produktionskapazit\u00e4t ums Vielfache. Damit einhergehend wurde die Produktpalette laufend erweitert.<br>Trotz mehrerer Erweiterungen stie\u00df man relativ bald an r\u00e4umliche und produktionstechnische Grenzen.<br>Um die qualitative und technische Weiterentwicklung der Verpackungsprodukte f\u00fcr die Zukunft sicherzustellen, entschied man sich f\u00fcr einen Standort-Wechsel.<\/p>\n\n\n\n<p>Im Dezember 1995 erfolgte die Standort-Verlegung nach <strong>Unterwaltersdorf<\/strong> in Nieder\u00f6sterreich, <strong>30 km s\u00fcdlich von Wien<\/strong>. Bereits im J\u00e4nner 1996 wurde im neuen Firmenareal auf einer <strong>Betriebsfl\u00e4che von 30.000 m2<\/strong> mit der Produktion gestartet.<\/p>\n\n\n\n<p>Durch den konsequenten technologischen Ausbau des Maschinenparks konnte die Produktionsmenge in Unterwaltersdorf vervierfacht werden. Derzeit werden rund <strong>25.000 Tonnen Folien pro Jahr<\/strong> im <strong>Vierschicht-Betrieb<\/strong> produziert. Das Unternehmen besch\u00e4ftigt zur Zeit <strong>120 Mitarbeiter<\/strong>.<\/p>\n\n\n\n<p>Herr <strong>Mag. Stefan Chalupnik<\/strong> ist im Oktober 2011 dem Unternehmen beigetreten und hat mit Februar 2013, gemeinsam mit Herrn Georg Coreth, die Gesch\u00e4ftsf\u00fchrung \u00fcbernommen.<\/p>\n\n\n\n<p>Im Jahr 2013 hat sich die Firma Coreth entschlossen, ihre Produktpalette zu erweitern und bietet ab 2014 nun auch <strong>bedruckte Folie in h\u00f6chster Qualit\u00e4t<\/strong> (Hochleistungs-Zentralzylinder Flexodruckmaschine) an. Hierf\u00fcr wurde das Firmenareal mit einer <strong>Druckhalle <\/strong>erweitert.<\/p>\n\n\n\n<p>Im 2. Halbjahr 2016 wurde das Firmenareal um weitere 24.000m2 auf nun <strong>54.000m2<\/strong> vergr\u00f6\u00dfert.&nbsp;<\/p>\n\n\n\n<p>Hier wurde im Dezember 2018 unser <strong>neues Recyclingzentrum<\/strong> er\u00f6ffnet. Mit den Aufbereitungskapazit\u00e4ten der neuen EREMA Anlage Intarema recyclen wir nicht nur eigenen Folienabfall sondern bieten auch <strong>Lohnrecycling<\/strong> an.<\/p>\n\n\n\n<p>Im Oktober 2019 Er\u00f6ffnung des <strong>neuen Druckzentrums<\/strong> auf eine Gesamtfl\u00e4che von 2.000m2. Dieser Bereich umfasst nun ein eigenes Hochregallager zur sauberen Innenlagerung der bedruckten Halbfertig-und-Fertigwaren.<\/p>\n\n\n\n<p>Erfolgreiche Rezertifizierung des <strong>Qualit\u00e4ts &amp; Hygienestandards&nbsp;EN15593<\/strong> durch die Quality Austria &nbsp;im Dezember 2019.&nbsp;<\/p>\n\n\n\n<p>Herr <strong>Mag. Christian Coreth<\/strong> ist im J\u00e4nner 2021 wieder in das Familienunternehmen eingetreten und \u00fcbernimmt gemeinsam mit Herrn Georg Coreth und Herrn Mag. Stefan Chalupnik die Gesch\u00e4ftsf\u00fchrung.<\/p>\n\n\n\n<p>Im M\u00e4rz 2025 wurde Herr Alexander Lazar zum Gesch\u00e4ftsf\u00fchrer ernannte, er und Herr Georg Coreth und Herr Mag. Stefan Chalupnik \u00fcbernehmen gemeinsam die Gesch\u00e4ftsf\u00fchrung.<\/p>\n\n\n\n<blockquote class=\"wp-block-quote is-layout-flow wp-block-quote-is-layout-flow\">\n<p><\/p>\n<\/blockquote>\n\n\n\n<h2 class=\"wp-block-heading\">PRODUKTE<\/h2>\n\n\n\n<p>Die Produktpalette umfasst Folien, Baufolien, Stretchfolie, Palettenhauben, S\u00e4cke, bedruckte Flachfolie, Zuschnitte, Klebeb\u00e4nder, Verpackungszubeh\u00f6r und Stretchschlauch. Den heutigen \u00f6kologischen Anforderungen entsprechend sind s\u00e4mtliche Folien <strong>recyclef\u00e4hig<\/strong>. Der Bereich der \u201ema\u00dfgeschneiderten\u201c Folien (auch Schrumpf- und Automatenfolien) hat in den letzten Jahren sehr stark an Bedeutung gewonnen.<br>Hauptabsatzm\u00e4rkte sind neben <strong>\u00d6sterreich<\/strong> die L\u00e4nder <strong>Deutschland, Frankreich, D\u00e4nemark, Luxemburg, Holland, Belgien, Schweiz, Slowenien, Serbien, Kroatien, Rum\u00e4nien und Ungarn.<\/strong> Der Exportanteil unserer Produkte liegt bei ca. 50%.<\/p>\n","protected":false},"excerpt":{"rendered":"<p>UNTERNEHMENSPHILOSOPHIE Hohe Serviceorientierung,&nbsp;laufende Innovationen und kompetente Mitarbeiter bilden die Eckpfeiler unserer Philosophie. Die konsequente Ausrichtung der Produkte auf die Markterfordernisse und die laufende Umsetzung unserer Qualit\u00e4tsstandards geh\u00f6ren zur t\u00e4glichen Herausforderung, der wir uns gerne stellen. F\u00fcr die fachgerechte Beratung und Betreuung unserer Kunden steht ein eigenes Verkaufsinnendienst Team zur Verf\u00fcgung. UNTERNEHMENSGESCHICHTE Das Unternehmen wurde&nbsp;1980 von [&hellip;]<\/p>\n","protected":false},"author":1,"featured_media":0,"parent":647,"menu_order":0,"comment_status":"closed","ping_status":"closed","template":"","meta":[],"class_list":["post-68","page","type-page","status-publish","hentry"],"yoast_head":"<!-- This site is optimized with the Yoast SEO plugin v27.2 - https:\/\/yoast.com\/product\/yoast-seo-wordpress\/ -->\n<title>\u00dcber Uns - CORETH<\/title>\n<meta name=\"description\" content=\"Wir entwickeln ma\u00dfgeschneiderte Verpackungsl\u00f6sungen und bieten Ihnen hochwertige Produkte und perfekten Service.\" \/>\n<meta name=\"robots\" content=\"index, follow, max-snippet:-1, max-image-preview:large, max-video-preview:-1\" \/>\n<link rel=\"canonical\" href=\"https:\/\/www.coreth.at\/de\/company\/ueber-uns\/\" \/>\n<meta property=\"og:locale\" content=\"de_DE\" \/>\n<meta property=\"og:type\" content=\"article\" \/>\n<meta property=\"og:title\" content=\"\u00dcber Uns - CORETH\" \/>\n<meta property=\"og:description\" content=\"Wir entwickeln ma\u00dfgeschneiderte Verpackungsl\u00f6sungen und bieten Ihnen hochwertige Produkte und perfekten Service.\" \/>\n<meta property=\"og:url\" content=\"https:\/\/www.coreth.at\/de\/company\/ueber-uns\/\" \/>\n<meta property=\"og:site_name\" content=\"CORETH\" \/>\n<meta property=\"article:modified_time\" content=\"2025-04-24T08:04:31+00:00\" \/>\n<meta name=\"twitter:card\" content=\"summary_large_image\" \/>\n<meta name=\"twitter:label1\" content=\"Gesch\u00e4tzte Lesezeit\" \/>\n\t<meta name=\"twitter:data1\" content=\"2\u00a0Minuten\" \/>\n<script type=\"application\/ld+json\" class=\"yoast-schema-graph\">{\"@context\":\"https:\/\/schema.org\",\"@graph\":[{\"@type\":\"WebPage\",\"@id\":\"https:\/\/www.coreth.at\/de\/company\/ueber-uns\/\",\"url\":\"https:\/\/www.coreth.at\/de\/company\/ueber-uns\/\",\"name\":\"\u00dcber Uns - CORETH\",\"isPartOf\":{\"@id\":\"https:\/\/www.coreth.at\/de\/#website\"},\"datePublished\":\"2020-12-12T13:48:41+00:00\",\"dateModified\":\"2025-04-24T08:04:31+00:00\",\"description\":\"Wir entwickeln ma\u00dfgeschneiderte Verpackungsl\u00f6sungen und bieten Ihnen hochwertige Produkte und perfekten Service.\",\"breadcrumb\":{\"@id\":\"https:\/\/www.coreth.at\/de\/company\/ueber-uns\/#breadcrumb\"},\"inLanguage\":\"de\",\"potentialAction\":[{\"@type\":\"ReadAction\",\"target\":[\"https:\/\/www.coreth.at\/de\/company\/ueber-uns\/\"]}]},{\"@type\":\"BreadcrumbList\",\"@id\":\"https:\/\/www.coreth.at\/de\/company\/ueber-uns\/#breadcrumb\",\"itemListElement\":[{\"@type\":\"ListItem\",\"position\":1,\"name\":\"Unternehmen\",\"item\":\"https:\/\/www.coreth.at\/de\/company\/\"},{\"@type\":\"ListItem\",\"position\":2,\"name\":\"\u00dcber Uns\"}]},{\"@type\":\"WebSite\",\"@id\":\"https:\/\/www.coreth.at\/de\/#website\",\"url\":\"https:\/\/www.coreth.at\/de\/\",\"name\":\"CORETH\",\"description\":\"\",\"publisher\":{\"@id\":\"https:\/\/www.coreth.at\/de\/#organization\"},\"potentialAction\":[{\"@type\":\"SearchAction\",\"target\":{\"@type\":\"EntryPoint\",\"urlTemplate\":\"https:\/\/www.coreth.at\/de\/?s={search_term_string}\"},\"query-input\":{\"@type\":\"PropertyValueSpecification\",\"valueRequired\":true,\"valueName\":\"search_term_string\"}}],\"inLanguage\":\"de\"},{\"@type\":\"Organization\",\"@id\":\"https:\/\/www.coreth.at\/de\/#organization\",\"name\":\"CORETH\",\"url\":\"https:\/\/www.coreth.at\/de\/\",\"logo\":{\"@type\":\"ImageObject\",\"inLanguage\":\"de\",\"@id\":\"https:\/\/www.coreth.at\/de\/#\/schema\/logo\/image\/\",\"url\":\"https:\/\/www.coreth.at\/content\/uploads\/2021\/02\/logo_coreth-2.png\",\"contentUrl\":\"https:\/\/www.coreth.at\/content\/uploads\/2021\/02\/logo_coreth-2.png\",\"width\":428,\"height\":36,\"caption\":\"CORETH\"},\"image\":{\"@id\":\"https:\/\/www.coreth.at\/de\/#\/schema\/logo\/image\/\"}}]}<\/script>\n<!-- \/ Yoast SEO plugin. -->","yoast_head_json":{"title":"\u00dcber Uns - CORETH","description":"Wir entwickeln ma\u00dfgeschneiderte Verpackungsl\u00f6sungen und bieten Ihnen hochwertige Produkte und perfekten Service.","robots":{"index":"index","follow":"follow","max-snippet":"max-snippet:-1","max-image-preview":"max-image-preview:large","max-video-preview":"max-video-preview:-1"},"canonical":"https:\/\/www.coreth.at\/de\/company\/ueber-uns\/","og_locale":"de_DE","og_type":"article","og_title":"\u00dcber Uns - CORETH","og_description":"Wir entwickeln ma\u00dfgeschneiderte Verpackungsl\u00f6sungen und bieten Ihnen hochwertige Produkte und perfekten Service.","og_url":"https:\/\/www.coreth.at\/de\/company\/ueber-uns\/","og_site_name":"CORETH","article_modified_time":"2025-04-24T08:04:31+00:00","twitter_card":"summary_large_image","twitter_misc":{"Gesch\u00e4tzte Lesezeit":"2\u00a0Minuten"},"schema":{"@context":"https:\/\/schema.org","@graph":[{"@type":"WebPage","@id":"https:\/\/www.coreth.at\/de\/company\/ueber-uns\/","url":"https:\/\/www.coreth.at\/de\/company\/ueber-uns\/","name":"\u00dcber Uns - CORETH","isPartOf":{"@id":"https:\/\/www.coreth.at\/de\/#website"},"datePublished":"2020-12-12T13:48:41+00:00","dateModified":"2025-04-24T08:04:31+00:00","description":"Wir entwickeln ma\u00dfgeschneiderte Verpackungsl\u00f6sungen und bieten Ihnen hochwertige Produkte und perfekten Service.","breadcrumb":{"@id":"https:\/\/www.coreth.at\/de\/company\/ueber-uns\/#breadcrumb"},"inLanguage":"de","potentialAction":[{"@type":"ReadAction","target":["https:\/\/www.coreth.at\/de\/company\/ueber-uns\/"]}]},{"@type":"BreadcrumbList","@id":"https:\/\/www.coreth.at\/de\/company\/ueber-uns\/#breadcrumb","itemListElement":[{"@type":"ListItem","position":1,"name":"Unternehmen","item":"https:\/\/www.coreth.at\/de\/company\/"},{"@type":"ListItem","position":2,"name":"\u00dcber Uns"}]},{"@type":"WebSite","@id":"https:\/\/www.coreth.at\/de\/#website","url":"https:\/\/www.coreth.at\/de\/","name":"CORETH","description":"","publisher":{"@id":"https:\/\/www.coreth.at\/de\/#organization"},"potentialAction":[{"@type":"SearchAction","target":{"@type":"EntryPoint","urlTemplate":"https:\/\/www.coreth.at\/de\/?s={search_term_string}"},"query-input":{"@type":"PropertyValueSpecification","valueRequired":true,"valueName":"search_term_string"}}],"inLanguage":"de"},{"@type":"Organization","@id":"https:\/\/www.coreth.at\/de\/#organization","name":"CORETH","url":"https:\/\/www.coreth.at\/de\/","logo":{"@type":"ImageObject","inLanguage":"de","@id":"https:\/\/www.coreth.at\/de\/#\/schema\/logo\/image\/","url":"https:\/\/www.coreth.at\/content\/uploads\/2021\/02\/logo_coreth-2.png","contentUrl":"https:\/\/www.coreth.at\/content\/uploads\/2021\/02\/logo_coreth-2.png","width":428,"height":36,"caption":"CORETH"},"image":{"@id":"https:\/\/www.coreth.at\/de\/#\/schema\/logo\/image\/"}}]}},"_links":{"self":[{"href":"https:\/\/www.coreth.at\/de\/wp-json\/wp\/v2\/pages\/68","targetHints":{"allow":["GET"]}}],"collection":[{"href":"https:\/\/www.coreth.at\/de\/wp-json\/wp\/v2\/pages"}],"about":[{"href":"https:\/\/www.coreth.at\/de\/wp-json\/wp\/v2\/types\/page"}],"author":[{"embeddable":true,"href":"https:\/\/www.coreth.at\/de\/wp-json\/wp\/v2\/users\/1"}],"replies":[{"embeddable":true,"href":"https:\/\/www.coreth.at\/de\/wp-json\/wp\/v2\/comments?post=68"}],"version-history":[{"count":0,"href":"https:\/\/www.coreth.at\/de\/wp-json\/wp\/v2\/pages\/68\/revisions"}],"up":[{"embeddable":true,"href":"https:\/\/www.coreth.at\/de\/wp-json\/wp\/v2\/pages\/647"}],"wp:attachment":[{"href":"https:\/\/www.coreth.at\/de\/wp-json\/wp\/v2\/media?parent=68"}],"curies":[{"name":"wp","href":"https:\/\/api.w.org\/{rel}","templated":true}]}}

Über Uns

<h2 class="wp-block-heading">UNTERNEHMENSPHILOSOPHIE</h2>



<p><br><strong>Hohe Serviceorientierung</strong>,&nbsp;<strong>laufende Innovationen</strong> und <strong>kompetente Mitarbeiter</strong> bilden die Eckpfeiler unserer Philosophie.</p>



<p>Die konsequente Ausrichtung der Produkte auf die Markterfordernisse und die laufende Umsetzung unserer Qualitätsstandards gehören zur täglichen Herausforderung, der wir uns gerne stellen. Für die fachgerechte Beratung und Betreuung unserer Kunden steht ein eigenes Verkaufsinnendienst Team zur Verfügung.</p>



<h2 class="wp-block-heading">UNTERNEHMENSGESCHICHTE</h2>



<p>Das Unternehmen wurde&nbsp;<strong>1980 von Georg Coreth</strong>&nbsp;am Standort Tribuswinkel bei Baden/Niederösterreich gegründet. Baufolien, Schläuche und Säcke bildeten die damaligen Hauptprodukte.</p>



<p>In den nächsten zehn Jahren investierte man kontinuierlich in den Maschinenpark und erhöhte damit die Produktionskapazität ums Vielfache. Damit einhergehend wurde die Produktpalette laufend erweitert.<br>Trotz mehrerer Erweiterungen stieß man relativ bald an räumliche und produktionstechnische Grenzen.<br>Um die qualitative und technische Weiterentwicklung der Verpackungsprodukte für die Zukunft sicherzustellen, entschied man sich für einen Standort-Wechsel.</p>



<p>Im Dezember 1995 erfolgte die Standort-Verlegung nach <strong>Unterwaltersdorf</strong> in Niederösterreich, <strong>30 km südlich von Wien</strong>. Bereits im Jänner 1996 wurde im neuen Firmenareal auf einer <strong>Betriebsfläche von 30.000 m2</strong> mit der Produktion gestartet.</p>



<p>Durch den konsequenten technologischen Ausbau des Maschinenparks konnte die Produktionsmenge in Unterwaltersdorf vervierfacht werden. Derzeit werden rund <strong>25.000 Tonnen Folien pro Jahr</strong> im <strong>Vierschicht-Betrieb</strong> produziert. Das Unternehmen beschäftigt zur Zeit <strong>120 Mitarbeiter</strong>.</p>



<p>Herr <strong>Mag. Stefan Chalupnik</strong> ist im Oktober 2011 dem Unternehmen beigetreten und hat mit Februar 2013, gemeinsam mit Herrn Georg Coreth, die Geschäftsführung übernommen.</p>



<p>Im Jahr 2013 hat sich die Firma Coreth entschlossen, ihre Produktpalette zu erweitern und bietet ab 2014 nun auch <strong>bedruckte Folie in höchster Qualität</strong> (Hochleistungs-Zentralzylinder Flexodruckmaschine) an. Hierfür wurde das Firmenareal mit einer <strong>Druckhalle </strong>erweitert.</p>



<p>Im 2. Halbjahr 2016 wurde das Firmenareal um weitere 24.000m2 auf nun <strong>54.000m2</strong> vergrößert.&nbsp;</p>



<p>Hier wurde im Dezember 2018 unser <strong>neues Recyclingzentrum</strong> eröffnet. Mit den Aufbereitungskapazitäten der neuen EREMA Anlage Intarema recyclen wir nicht nur eigenen Folienabfall sondern bieten auch <strong>Lohnrecycling</strong> an.</p>



<p>Im Oktober 2019 Eröffnung des <strong>neuen Druckzentrums</strong> auf eine Gesamtfläche von 2.000m2. Dieser Bereich umfasst nun ein eigenes Hochregallager zur sauberen Innenlagerung der bedruckten Halbfertig-und-Fertigwaren.</p>



<p>Erfolgreiche Rezertifizierung des <strong>Qualitäts &amp; Hygienestandards&nbsp;EN15593</strong> durch die Quality Austria &nbsp;im Dezember 2019.&nbsp;</p>



<p>Herr <strong>Mag. Christian Coreth</strong> ist im Jänner 2021 wieder in das Familienunternehmen eingetreten und übernimmt gemeinsam mit Herrn Georg Coreth und Herrn Mag. Stefan Chalupnik die Geschäftsführung.</p>



<p>Im März 2025 wurde Herr Alexander Lazar zum Geschäftsführer ernannte, er und Herr Georg Coreth und Herr Mag. Stefan Chalupnik übernehmen gemeinsam die Geschäftsführung.</p>



<blockquote class="wp-block-quote is-layout-flow wp-block-quote-is-layout-flow">
<p></p>
</blockquote>



<h2 class="wp-block-heading">PRODUKTE</h2>



<p>Die Produktpalette umfasst Folien, Baufolien, Stretchfolie, Palettenhauben, Säcke, bedruckte Flachfolie, Zuschnitte, Klebebänder, Verpackungszubehör und Stretchschlauch. Den heutigen ökologischen Anforderungen entsprechend sind sämtliche Folien <strong>recyclefähig</strong>. Der Bereich der „maßgeschneiderten“ Folien (auch Schrumpf- und Automatenfolien) hat in den letzten Jahren sehr stark an Bedeutung gewonnen.<br>Hauptabsatzmärkte sind neben <strong>Österreich</strong> die Länder <strong>Deutschland, Frankreich, Dänemark, Luxemburg, Holland, Belgien, Schweiz, Slowenien, Serbien, Kroatien, Rumänien und Ungarn.</strong> Der Exportanteil unserer Produkte liegt bei ca. 50%.</p>

<p>UNTERNEHMENSPHILOSOPHIE Hohe Serviceorientierung,&nbsp;laufende Innovationen und kompetente Mitarbeiter bilden die Eckpfeiler unserer Philosophie. Die konsequente Ausrichtung der Produkte auf die Markterfordernisse und die laufende Umsetzung unserer Qualitätsstandards gehören zur täglichen Herausforderung, der wir uns gerne stellen. Für die fachgerechte Beratung und Betreuung unserer Kunden steht ein eigenes Verkaufsinnendienst Team zur Verfügung. UNTERNEHMENSGESCHICHTE Das Unternehmen wurde&nbsp;1980 von [&hellip;]</p>

<!-- This site is optimized with the Yoast SEO plugin v27.2 - https://yoast.com/product/yoast-seo-wordpress/ -->
<title>Über Uns - CORETH</title>
<meta name="description" content="Wir entwickeln maßgeschneiderte Verpackungslösungen und bieten Ihnen hochwertige Produkte und perfekten Service." />
<meta name="robots" content="index, follow, max-snippet:-1, max-image-preview:large, max-video-preview:-1" />
<link rel="canonical" href="https://www.coreth.at/de/company/ueber-uns/" />
<meta property="og:locale" content="de_DE" />
<meta property="og:type" content="article" />
<meta property="og:title" content="Über Uns - CORETH" />
<meta property="og:description" content="Wir entwickeln maßgeschneiderte Verpackungslösungen und bieten Ihnen hochwertige Produkte und perfekten Service." />
<meta property="og:url" content="https://www.coreth.at/de/company/ueber-uns/" />
<meta property="og:site_name" content="CORETH" />
<meta property="article:modified_time" content="2025-04-24T08:04:31+00:00" />
<meta name="twitter:card" content="summary_large_image" />
<meta name="twitter:label1" content="Geschätzte Lesezeit" />
	<meta name="twitter:data1" content="2 Minuten" />
<script type="application/ld+json" class="yoast-schema-graph">{"@context":"https://schema.org","@graph":[{"@type":"WebPage","@id":"https://www.coreth.at/de/company/ueber-uns/","url":"https://www.coreth.at/de/company/ueber-uns/","name":"Über Uns - CORETH","isPartOf":{"@id":"https://www.coreth.at/de/#website"},"datePublished":"2020-12-12T13:48:41+00:00","dateModified":"2025-04-24T08:04:31+00:00","description":"Wir entwickeln maßgeschneiderte Verpackungslösungen und bieten Ihnen hochwertige Produkte und perfekten Service.","breadcrumb":{"@id":"https://www.coreth.at/de/company/ueber-uns/#breadcrumb"},"inLanguage":"de","potentialAction":[{"@type":"ReadAction","target":["https://www.coreth.at/de/company/ueber-uns/"]}]},{"@type":"BreadcrumbList","@id":"https://www.coreth.at/de/company/ueber-uns/#breadcrumb","itemListElement":[{"@type":"ListItem","position":1,"name":"Unternehmen","item":"https://www.coreth.at/de/company/"},{"@type":"ListItem","position":2,"name":"Über Uns"}]},{"@type":"WebSite","@id":"https://www.coreth.at/de/#website","url":"https://www.coreth.at/de/","name":"CORETH","description":"","publisher":{"@id":"https://www.coreth.at/de/#organization"},"potentialAction":[{"@type":"SearchAction","target":{"@type":"EntryPoint","urlTemplate":"https://www.coreth.at/de/?s={search_term_string}"},"query-input":{"@type":"PropertyValueSpecification","valueRequired":true,"valueName":"search_term_string"}}],"inLanguage":"de"},{"@type":"Organization","@id":"https://www.coreth.at/de/#organization","name":"CORETH","url":"https://www.coreth.at/de/","logo":{"@type":"ImageObject","inLanguage":"de","@id":"https://www.coreth.at/de/#/schema/logo/image/","url":"https://www.coreth.at/content/uploads/2021/02/logo_coreth-2.png","contentUrl":"https://www.coreth.at/content/uploads/2021/02/logo_coreth-2.png","width":428,"height":36,"caption":"CORETH"},"image":{"@id":"https://www.coreth.at/de/#/schema/logo/image/"}}]}</script>
<!-- / Yoast SEO plugin. -->

Über Uns - CORETH

Wir entwickeln maßgeschneiderte Verpackungslösungen und bieten Ihnen hochwertige Produkte und perfekten Service.
